sor of 30024105 and 903?
129
What is the greatest common divisor of 26 and 26653562?
26
What is the greatest common factor of 4972 and 43820722?
2486
What is the greatest common factor of 75924 and 82620?
108
What is the highest common divisor of 19728871 and 1747?
1747
What is the highest common divisor of 4525 and 4404092?
181
What is the greatest common divisor of 1096417990 and 19?
19
Calculate the greatest common factor of 24175 and 905.
5
What is the greatest common divisor of 575 and 50485?
115
What is the greatest common factor of 2500528 and 126284?
524
What is the highest common divisor of 1832039 and 935?
187
Calculate the highest common divisor of 5070 and 82641.
507
Calculate the greatest common divisor of 208 and 3238784.
16
What is the greatest common divisor of 86046860 and 289?
289
Calculate the highest common factor of 209277 and 785565.
621
Calculate the highest common divisor of 44774534 and 98.
98
Calculate the highest common divisor of 29162 and 21728.
14
Calculate the highest common factor of 809040 and 4320.
240
Calculate the greatest common factor of 139928930 and 2485.
355
Calculate the highest common divisor of 9710 and 504040.
10
Calculate the highest common divisor of 4589 and 2787226.
13
What is the highest common factor of 420 and 783900?
60
What is the greatest common factor of 24425 and 1508275?
25
What is the highest common factor of 5796 and 540822?
138
What is the greatest common factor of 17700 and 5511721?
59
What is the greatest common factor of 8680066 and 172?
86
Calculate the highest common divisor of 660282834 and 906.
906
Calculate the greatest common divisor of 620 and 2479897390.
310
What is the greatest common divisor of 682 and 5598600?
62
Calculate the greatest common divisor of 152 and 2028248.
8
What is the highest common factor of 6 and 358762?
2
What is the greatest common divisor of 22 and 640489366?
22
Calculate the greatest common factor of 13027200 and 526976.
2944
Calculate the highest common divisor of 699535 and 35.
5
What is the greatest common divisor of 521584 and 336?
112
Calculate the highest common divisor of 52416 and 327392.
416
Calculate the greatest common divisor of 35394749 and 767.
767
Calculate the greatest common divisor of 288 and 372661056.
288
What is the greatest common factor of 16211 and 1203007?
377
Calculate the highest common divisor of 3208348 and 416.
52
Calculate the highest common divisor of 35440 and 13451695.
2215
What is the greatest common divisor of 7154144 and 4352?
544
Calculate the highest common factor of 141294753 and 27.
27
Calculate the highest common factor of 2075 and 129231.
83
What is the greatest common factor of 47141556 and 60096?
3756
What is the greatest common factor of 1241675 and 600?
25
What is the greatest common divisor of 39576407 and 3946?
1973
What is the greatest common divisor of 42407164 and 2698?
2698
What is the highest common divisor of 392267316 and 612?
204
Calculate the highest common divisor of 48986 and 44646.
14
Calculate the greatest common divisor of 197568 and 570066.
2058
Calculate the highest common divisor of 4622200 and 331958.
4202
Calculate the highest common divisor of 13018 and 130042.
46
What is the highest common divisor of 58158 and 402?
6
What is the greatest common factor of 8706 and 247083?
3
Calculate the highest common factor of 682184 and 740288.
2152
What is the highest common divisor of 1360 and 19189320?
40
What is the highest common divisor of 894607 and 4260221?
3941
Calculate the greatest common factor of 11 and 39234679.
11
Calculate the greatest common factor of 209 and 1326314.
209
What is the highest common factor of 23180 and 133468?
244
What is the highest common factor of 160934 and 42904524?
2402
Calculate the highest common divisor of 49772 and 10813508.
2164
What is the highest common divisor of 47344626 and 15939?
1449
What is the highest common divisor of 2849 and 6955641?
77
Calculate the greatest common factor of 9516 and 193858.
122
What is the highest common divisor of 108780 and 494900?
980
Calculate the greatest common factor of 1570784 and 112308.
764
Calculate the greatest common factor of 7726270 and 61294.
3226
Calculate the highest common factor of 160749630 and 54.
54
Calculate the highest common factor of 24301543 and 14.
7
Calculate the greatest common divisor of 156 and 59673783.
39
What is the highest common factor of 103260 and 5520?
60
Calculate the highest common divisor of 13312965 and 45.
15
Calculate the highest common divisor of 2034 and 20071399.
113
What is the greatest common factor of 38387970 and 3758?
3758
Calculate the highest common factor of 929925 and 450.
225
What is the highest common factor of 1723311811 and 51189?
17063
Calculate the highest common divisor of 160256798 and 284.
142
What is the greatest common factor of 79140 and 55260?
60
Calculate the highest common factor of 2896650 and 1050.
150
What is the greatest common divisor of 1657 and 213854077?
1657
What is the greatest common factor of 5073396 and 962081?
3329
What is the highest common divisor of 143143 and 289289?
1001
Calculate the greatest common factor of 50 and 41252575.
25
Calculate the highest common factor of 489079 and 16340.
19
Calculate the greatest common factor of 38735 and 154305.
635
What is the highest common divisor of 117486 and 126474?
642
Calculate the greatest common divisor of 1401168 and 216.
24
What is the greatest common divisor of 892736 and 6148?
116
What is the highest common divisor of 20 and 1093324160?
20
Calculate the greatest common factor of 37636273 and 199.
199
What is the greatest common divisor of 199661 and 2464?
77
What is the greatest common factor of 2224074 and 642?
6
Calculate the highest common factor of 533 and 2647151.
13
What is the highest common factor of 14115 and 1120845?
15
Calculate the highest common factor of 36720609 and 36.
3
What is the highest common factor of 7244 and 64540418?
3622
What is the greatest common divisor of 251917 and 3?
1
What is the greatest common factor of 6346946 and 356?
178
What is the highest common divisor of 411344685 and 687?
687
What is the greatest common divisor of 32655 and 609?
21
What is the highest common divisor of 9989 and 586952213?
1427
What is the greatest common factor of 1162 and 4223338?
14
What is the greatest common factor of 2591000 and 1375?
125
Calculate the highest common factor of 61040 and 270480.
560
What is the highest common factor of 8532 and 4347432?
108
What is the highest common divisor of 101262 and 9730796?
4822
What is the highest common factor of 9548 and 1915300156?
9548
Calculate the highest common factor of 3836 and 43764.
28
What is the greatest common divisor of 129538 and 159619?
271
What is the highest common factor of 8308 and 3397635526?
4154
Calculate the highest common divisor of 669088 and 31262.
406
Calculate the highest common factor of 1154960098 and 254.
254
Calculate the highest common divisor of 178578373 and 633.
211
Calculate the greatest common divisor of 2597898 and 10.
2
What is the highest common factor of 4819 and 265440?
79
Calculate the greatest common factor of 1168 and 14496.
16
Calculate the highest common divisor of 898950 and 100.
50
What is the greatest common divisor of 143 and 4842253?
13
What is the greatest common divisor of 1841823 and 1517?
37
Calculate the greatest common divisor of 1089 and 14650801.
121
What is the highest common divisor of 1674622860 and 246?
246
What is the greatest common divisor of 4228 and 150836?
28
Calculate the greatest common factor of 115 and 2227849.
23
Calculate the greatest common divisor of 1095 and 91278470.
365
What is the highest common divisor of 5295745 and 5356?
1339
Calculate the greatest common divisor of 16576 and 55463.
37
What is the highest common factor of 636412 and 12224?
764
Calculate the highest common factor of 16242059 and 16154.
197
What is the highest common factor of 436271 and 8?
1
What is the highest common divisor of 1176 and 47083080?
24
Calculate the highest common factor of 326820 and 1455.
15
What is the highest common divisor of 4026 and 271821?
33
Calculate the highest common factor of 6 and 83243438.
2
Calculate the greatest common divisor of 15026900 a